 5*l + 6 = 1. What is the units digit of t?
1
Let h = 37 + 13. What is the tens digit of h?
5
Let i(w) = -w**2 - 11*w - 8. Let o be i(-10). Suppose -d = -o*d + 5. What is the units digit of d?
5
Let k = 71 - -17. What is the tens digit of k?
8
Let q = 120 - 90. What is the units digit of q?
0
Let b = -6 - -9. Let d = 11 + 29. Suppose b = -0*o - o, -5*o + d = 5*c. What is the units digit of c?
1
Let g(f) = -f**2 + f. Let v(x) = 3*x**2 - 8. Let n(d) = -4*g(d) - v(d). What is the tens digit of n(5)?
1
Suppose 0*y - 2*f - 55 = -5*y, 3*y = -3*f + 12. What is the units digit of y + (2/1 - 1)?
0
Let r(i) = i + 1. Let h be r(4). Suppose -p - 4*l + 39 = 8, -h*p - 3*l = -104. What is the units digit of p?
9
Let j = -13 + 4. Let g be ((-3)/(-2))/(j/(-12)). Suppose 2*u + g*u = 68. What is the units digit of u?
7
Suppose -5*b = t - 3*t + 106, -236 = -4*t + 4*b. What is the tens digit of t?
6
Let a = -3 + 5. What is the units digit of (0 + -7)*(-2)/a?
7
Suppose 2*s = 4*g - 174, 0*g - 3*s + 107 = 2*g. What is the units digit of g?
6
Let i be 2 + 2/2 + 0. Suppose 4*q - i*q = 0. What is the units digit of q - 1/((-3)/6)?
2
Suppose -3*b + 4*w + 7 = 0, 0*w + 1 = -b - 2*w. Suppose -15 = -r - 4*r. Let d = b + r. What is the units digit of d?
4
Let h(w) = -w**3 - 10*w**2 - 6. Let y be h(-10). Suppose -5 - 30 = -5*a. Let x = y + a. What is the units digit of x?
1
Suppose -2 = 3*h - 5*b - 23, 0 = -3*b - 9. Let r = h - -10. What is the tens digit of r?
1
Let n(z) = -16*z**3 - z**2 - z. Let d be n(-1). Suppose 0*m - 44 = 4*m. Let b = d + m. What is the units digit of b?
5
Let m(q) be the first derivative of q**2/2 + 6*q + 8. What is the units digit of m(7)?
3
Let m(h) = h**3 + 11*h**2 - 5*h - 8. Let l(d) = -2*d**3 - 12*d**2 + 4*d + 9. Let t(w) = 2*l(w) + 3*m(w). What is the units digit of t(8)?
2
Let m = 46 + 17. Let x = -40 + m. What is the tens digit of x?
2
Let j(x) = x + 4. Let t be j(-4). Suppose t = -3*z - 5*o + 54, -3*z + 3*o = -8*z + 74. What is the tens digit of z?
1
Suppose -3*j + 8*j = 0. Suppose j = -5*c + k + 165, c - 20 - 13 = -5*k. What is the units digit of c?
3
Let k = 240 - 127. What is the hundreds digit of k?
1
Let p(w) = -w + 3. Let y be p(-5). Suppose 0 = -4*s + y*s - 56. What is the units digit of s?
4
Let n = -11 - -56. What is the tens digit of n?
4
Suppose 4*h + 18 = -k, 0*k + 2*k - 4 = 0. Let m be -3*(3 + (h - 0)). Let r = 16 - m. What is the tens digit of r?
1
Let a = 0 - 2. What is the units digit of 1560/28 + a/(-7)?
6
Suppose -5*u - 4*a + 96 = 22, -u - 5*a + 19 = 0. What is the tens digit of u + (-5)/(15/6)?
1
Let u(x) = x + 1. Let o be u(6). Let b = o + -1. Suppose 32 = 5*t + 2*d, 10 = -4*t + b*t - 2*d. What is the units digit of t?
6
What is the units digit of 1/(-3) - 35/(-15)?
2
Let x(g) = -g**3 + 4*g**2 - 3*g. Let z be x(2). Let l(o) = -6*o**2 + 2*o - 1. Let y be l(1). What is the units digit of ((-8)/10)/(z/y)?
2
Let n = -38 + 14. Let y = -5 - 9. Let a = y - n. What is the units digit of a?
0
Let r be (-18)/(-4) - (-2)/(-4). Suppose -r = -5*f + 11. Suppose -u - 3 = -f*c, 5*u - 2 = 4*c + 16. What is the units digit of u?
6
Let r = -2 - 2. Let t(m) = m**3 + 8*m**2 - 7*m - 6. Let k(n) = -n**3 - 9*n**2 + 8*n + 6. Let f(i) = 4*k(i) + 5*t(i). What is the units digit of f(r)?
6
Suppose -2*m + 4*d + 26 = 0, -18 = 3*d - 6. Let o = 0 - -7. Let n = o - m. What is the units digit of n?
2
Let a(p) = -p**2 + 5*p + 7. Let y = -10 + 16. Suppose -y*g = -g - 30. What is the units digit of a(g)?
1
Let f be (-9)/12 + 195/4. Let l = 1 + 4. Suppose 2*o = l*a - 4, -4*o = o + 2*a - f. What is the units digit of o?
8
Let v(a) = a**3 + 7*a**2 - 7*a + 4. Let d be v(-8). Let b be (6 - -1)*(2 - 3). Let q = d - b. What is the units digit of q?
3
Suppose 5*i + x = -33, 5*x = -5*i + i - 18. Let j = 10 + i. What is the units digit of j*-1*(-24)/9?
8
Suppose k = -2*r - 17, 2*k - 6 - 5 = 5*r. Let i = k - -16. What is the units digit of i?
9
Let i = 100 - 62. Let u be -1 + 1 - 0 - -30. Suppose -2*q + u = n, 3*n + i = 3*q - 25. What is the units digit of q?
7
Let x be (2 - 1)/(1/5). Suppose -2*t = 2 - 8, x*k + 4*t = 22. What is the units digit of k?
2
Let f = 3 - -11. Let p = f - -11. What is the units digit of p?
5
Suppose 1273 = 5*p + 283. What is the tens digit of p?
9
Let b be 0 + 6 - 9/3. Suppose 3 = n - b*w + 2, 4*n + 3*w - 64 = 0. What is the tens digit of n?
1
Let v be (-26)/10 + (-8)/20. Let l = -2 + 8. Let z = l + v. What is the units digit of z?
3
Let i = 7 - 12. Let p(r) be the first derivative of r**2/2 + 6*r + 11. What is the units digit of p(i)?
1
What is the units digit of (-4 + 42/12)/((-1)/28)?
4
Let o = -15 + 29. What is the units digit of ((-36)/21)/((-4)/o)?
6
Suppose 5*t + 5*k = 245, -4*t + 5*k + 30 = -130. Suppose 5*v + 4*b - t = -0*b, v - 9 = -4*b. What is the units digit of v?
9
Let v = -5 + 5. Suppose v = t - 9 - 4. What is the tens digit of t?
1
Let w(p) = 6*p + 28. What is the hundreds digit of w(18)?
1
Let k be 0*(0 + (2 - 1)). Suppose k - 8 = -f. What is the units digit of f/2 + 0/(-1)?
4
Let d(k) = 13*k. Let y(v) = 39*v. Let x(u) = -17*d(u) + 6*y(u). What is the tens digit of x(2)?
2
Suppose -4*u + 3*n = 5*n - 126, -4*n + 153 = 5*u. Suppose -3*d = -6*d + u. What is the tens digit of d?
1
Suppose 5*g + 901 = 4*w - 287, -5*g = 0. What is the tens digit of w?
9
What is the units digit of 2/2*3 - 300/(-20)?
8
Let t(u) = -4*u**3 - 2*u**2 + 2. What is the units digit of t(-2)?
6
Suppose 27 = c + 2*c. Suppose n - 1 - c = 0. What is the tens digit of n?
1
Suppose 3*t + i = -3*i - 17, 1 = i. Let u = t + 19. What is the units digit of u?
2
Let g = 28 + -20. Let b(h) = 5*h - 12. What is the tens digit of b(g)?
2
Let j(m) = -m**3 + 2*m. Suppose 4*n = 4*s - 28, -2*s = -13 + 3. Let a be j(n). Suppose -a*t + 6*t - 6 = 0. What is the units digit of t?
3
Let g(r) = r**3 + 3*r**2 - 1. Let c be g(-2). Let h = 12 - c. What is the units digit of h?
9
Let l be (1/4)/(2/8). Let r = l + -1. Suppose r*o + 22 = 2*o. What is the tens digit of o?
1
Suppose 2*f + 11 - 3 = 0. Let i = -21 - -12. Let h = f - i. What is the units digit of h?
5
Suppose 2*q + 2*q = 12. Suppose u = -5*x + 33, -x + q*u + 0*u + 13 = 0. What is the units digit of x?
7
Let n be (0 - -1)*(4 + 1). Suppose -n*u + 0*u - 15 = 0. Let c = u + 9. What is the units digit of c?
6
Let q(t) = -6*t**3 - 3*t - 2. Let n be q(-1). Suppose 0 = -6*z + n*z - 27. What is the units digit of z?
7
Suppose 0 = -2*h + 42 - 4. Let c = -7 + h. What is the tens digit of c?
1
Let y(a) = a**2 + 8*a - 7. Let p be y(-10). Let z(l) = -7*l - 2*l**2 + 3*l**2 + p - 5. What is the tens digit of z(8)?
1
Suppose -c + 168 - 17 = -4*n, -4*c - 3*n = -509. What is the tens digit of c?
3
Let a be 2/(-2) + 2 + 2. Let z be (6 + -1)/(a + -2). Suppose z*u - 10 - 10 = 0. What is the units digit of u?
4
Let s(d) = 4*d + 14. Let i(o) = 2*o + 7. Let x(u) = 11*i(u) - 6*s(u). What is the units digit of x(-7)?
7
Let r(v) = 5*v - 3*v - v + 6 + 2. What is the tens digit of r(8)?
1
Let q = -12 + 18. Let b be 3/(-6) + 21/q. Suppose 20 = 4*n + 4*x, 6 = -n + b*x - 1. What is the units digit of n?
2
Let x(r) = 2*r - 2. Let j be x(3). Suppose 3*f + 2*f = 3*l - 21, j*f + 14 = l. What is the units digit of l?
2
Suppose 2*t + 0*t - 34 = 0. What is the units digit of t?
7
Let t(l) = -l**2 - 10*l + 7. Let d be t(-9). Let c = d - 5. What is the units digit of c?
1
Suppose 4*k - 430 = 2*a, a = 3*k + 2*a - 335. What is the tens digit of k?
1
Suppose -2*k + 4 = 2. What is the units digit of 22 + (k + -1 - 1)?
1
Let y(m) = -m**2 - 12*m - 10. What is the tens digit of y(-8)?
2
Let o = 5 + -1. Suppose o*v = 292 + 188. What is the tens digit of (1/2)/(6/v)?
1
Suppose 3*d - 4*x = 8, -x = -d + 4 - 0. What is the units digit of d?
8
Suppose -4*q - 18 = -2*j, 3*j - 5 = 6*q - 11*q. Suppose 0*y - j*y + 20 = 0. What is the tens digit of (y/(-2))/(2/(-16))?
1
Let r = 17 + -9. What is the units digit of r?
8
Suppose 2*j = 3*y + 8, -18 = 3*y - 4*j - 2. Suppose y = -3*r - 0*r - 192. What is the units digit of ((-9)/4)/(12/r)?
2
Let u(m) = -9*m + 1. What is the units digit of u(-4)?
7
What is the tens digit of (1/2)/((-4)/(-1128)) - 1?
4
Let w = 49 + -21. What is the units digit of w?
8
Suppose -3*h = 1 + 2. Let l be h*1*6/(-3). Suppose 4*t - 14 - 10 = -3*j, -l*j = 5*t - 9. W